-1 = s - 4. Suppose 0 = -d - s*d + 272. Suppose 0 = -3*b + d + 64. What is the units digit of b?
4
Let s = 423 - 265. Let m(g) = -g**2 + 4*g. Let n be m(4). Suppose -5*j + n*j + s = 4*o, -4*o + 8 = 0. What is the units digit of j?
0
Let q be (-35)/(-56) - 3/(-8). Suppose -2*l + 19 = q. Suppose 0 = 3*f - 3 - l. What is the units digit of f?
4
Let n(t) = -t**2 - 2*t + 2370. What is the tens digit of n(0)?
7
Let q(f) = 2*f**2 + 8*f + 17. Let s = 69 + -81. What is the hundreds digit of q(s)?
2
Let l(b) = 6*b**2 + 19*b + 8. What is the tens digit of l(-8)?
4
Let y = 16 + 1. Suppose -g + 10 = k, 2*g - 5*k - 48 = -0*g. Let o = y - g. What is the units digit of o?
3
Suppose -25 = 5*p, -3*p - 59 + 279 = o. What is the tens digit of o?
3
Let l be -2 + 0/(-3) + -8. Let t be (17 - -4)*(0 - -1). Let k = t + l. What is the tens digit of k?
1
Let b = 665 - 199. What is the tens digit of b/7 + (-12)/21?
6
Suppose -8*q + 10*q - 12 = 0. Let x be q/(-3 + 30/8). Let f = 32 - x. What is the units digit of f?
4
What is the units digit of (-9)/12 - 8/(128/(-48972))?
0
Let g(z) = -z**2 + 9*z - 10. Let l be g(7). Suppose 2*a = -6, l*h - 251 = a - 0*a. What is the tens digit of h?
6
Let i(h) = 8*h**2 + 26. What is the tens digit of i(-8)?
3
Suppose 4*r + 5*x - 1659 - 2177 = 0, 2*r - 1918 = -x. What is the tens digit of r?
5
Let s be (105/6)/(3/6). Let m be 16/(-12)*(-1 - 17). Let p = s - m. What is the units digit of p?
1
Let i be (-2 - -4) + (-3 - -3). Suppose -3*u + i*u + 2 = 0. Suppose u*j + 4 = 52. What is the tens digit of j?
2
Let r(i) = 3*i**3 + 3 - i**3 + 6*i**2 + 4*i - 5*i**2. Let n be r(-2). Let c = n - -21. What is the units digit of c?
4
What is the thousands digit of 2 - 0 - 4*(-356 - -3)?
1
Suppose -2*h - 2*h = 0. Let g be h + 3/((-12)/(-116)). Suppose -k = -2*s + g, -s - k = -0*s - 19. What is the tens digit of s?
1
Let s(x) be the third derivative of x**6/180 + x**5/120 + 2*x**3/3 - 2*x**2. Let z(r) be the first derivative of s(r). What is the units digit of z(-2)?
6
Suppose 0 = -5*q - 4*x - 22 - 42, 12 = 3*x. Let f = 80 + -54. Let y = q + f. What is the units digit of y?
0
Let d be (-8)/12 - (-133)/(-3). Let b = d - -18. What is the tens digit of 2/(-1) - (b + 4)?
2
Let u(i) = 2*i + 8. Let c be u(-4). Suppose 4*x = -c*x + 128. What is the units digit of x?
2
Let l(j) = 2*j + 1. Let y(d) = -8*d - 1. Let w(x) = -6*l(x) - y(x). Let v(c) = -c**2 - c - 1. Let s be v(-2). What is the units digit of w(s)?
7
Let j(m) = 2*m**2 + 44*m - 62. What is the tens digit of j(32)?
9
Let z(d) = -3*d**3 - 2*d**2 + 9*d - 42. What is the hundreds digit of z(-8)?
2
Let p = 4 + -7. Let w be 84/12 + p/1. Suppose 18 = 3*o - 4*k - 37, 0 = 4*o - w*k - 68. What is the tens digit of o?
1
Let r = 27 + -25. Suppose 5*o + 4*w = 124, 4*w - 85 + 17 = -3*o. Suppose 0 = -3*z + r*c - 7*c + o, -3*c = -4*z + 47. What is the units digit of z?
1
Let h(m) = -m**3 - 8*m**2 + 7. Let j be h(-8). Suppose -2*k = -j*k. Suppose k = f - 4*f + 42. What is the tens digit of f?
1
Let h = 24 - -33. Let b = h - 19. What is the units digit of b?
8
Let i be 292/(-1 - -5) - -1. Suppose 3*g + 29 = i. Suppose -3*v + 9 = -g. What is the units digit of v?
8
Suppose 2*k - 781 = 371. What is the units digit of k?
6
What is the thousands digit of (-2 - -32)/((-251)/36 - -7)?
1
Suppose 0 = -5*m - 5 - 0. Let u(h) = 188*h**2 - 3*h - 2. What is the units digit of u(m)?
9
Let q(y) = 1 - 2 + 2*y + 4 + y**2 - 6*y. Let k be q(4). Let x = 14 + k. What is the units digit of x?
7
Suppose j = -10 - 14. Let r = j - -60. What is the tens digit of r?
3
Let z = -316 - -389. What is the units digit of z?
3
Suppose -4 = -2*f - 4*j - 14, -f - 3*j = 6. Let g(n) = -2*n - 3*n**3 - 25*n**2 - 17*n**2 + 38*n**2. What is the tens digit of g(f)?
5
Suppose 7*p - 9*p = -f - 3, -3*p + 37 = 5*f. Suppose -p*q + 5*i = -2*q - 112, 0 = -q - 5*i + 86. What is the units digit of q?
6
Suppose -3*j + 18 = f, -4*f + j = -0*j - 7. Suppose 8 = 4*b, 4 = 2*o + 5*b - 6. Suppose o*c = -f*c + 60. What is the tens digit of c?
2
Let n = 45 + -43. Suppose -5*q + f + 169 = 0, 71 = n*q + 2*f + f. What is the tens digit of q?
3
Let c(v) = -v**3 + 2*v**2 + 3*v + 3. Let a be c(3). Let l(o) = 11*o - 2. Let m be l(a). Suppose w - 5*t = m, 0*t + 5*t + 15 = 0. What is the tens digit of w?
1
Suppose -26 + 141 = 5*m. Let d(q) = -q**3 + 24*q**2 - 17*q + 8. What is the units digit of d(m)?
6
Suppose -25893 = -12*a - 9*a. What is the tens digit of a?
3
Let l(r) = 32*r**3 + 4*r**2 - 11*r + 6. What is the hundreds digit of l(2)?
2
Let s = 110 - 75. Suppose 0 = -3*z + 2*n - s, -z - z + 5*n - 38 = 0. Let p(c) = -2*c - 9. What is the units digit of p(z)?
9
Suppose -9*p = -6*p - 9. Let f be (p/(-5))/((-4)/20). What is the units digit of 33*2/f*1?
2
Let s(h) = 2*h**3 - 14*h**2 - 7*h + 1. Let u be s(7). Let f = u - -51. What is the units digit of f?
3
Let r = 94 - 92. What is the tens digit of ((-16)/6 + 4)/(r/27)?
1
Suppose -5*x = 2*u - 6*u - 4300, 2*x = u + 1723. Suppose 5*g = -4*g + x. What is the units digit of g?
6
Let v(p) = p**3 + 5*p - 1. Let t(s) = -s**2 - s + 1. Let o(w) = 3*t(w) + v(w). What is the units digit of o(5)?
2
Let g(t) = -30*t + 153. What is the hundreds digit of g(-23)?
8
Let y(a) = -12*a - 6. Let f be y(-11). Suppose 4*d - 4*m - f = -34, -93 = -3*d - 5*m. Suppose -d = 2*w - 90. What is the tens digit of w?
3
Let y be (7/2)/((-279)/(-282) + -1). What is the units digit of (y + -4)*(-4)/6?
2
Let m = -1924 + 4727. What is the hundreds digit of m?
8
Let m(o) = o**2 - 10*o + 2. Let h be m(10). Suppose 0*d + 196 = h*d. Suppose 3*i - 2*u = 2*u + d, -56 = -2*i - 2*u. What is the tens digit of i?
3
Suppose -30*z + 25*z = -4*f + 3533, 4*f + 3*z - 3525 = 0. What is the tens digit of f?
8
Let f(h) = -h**2 + 13*h - 5. Let r be f(13). What is the units digit of (75/6)/r*-10?
5
Let n be (1 + 0)/(5/235). Suppose 4*g + n = 5*g. What is the units digit of g?
7
What is the thousands digit of 128/(-1)*(-24 - -8)?
2
Suppose n - 9 = -i + 3*i, 3*i = -12. Let x be 0/n*2/(-4). Suppose x = -g - z + 11, -g - z + 11 = z. What is the tens digit of g?
1
What is the thousands digit of 2513 - 7/4*2*-2?
2
Let y(p) = p**3 + 15*p**2 + 8*p - 11. What is the tens digit of y(-9)?
0
What is the hundreds digit of 4958/1 + -21 + 26?
9
Let g(f) = f**2 + 5*f + 10. Let s be g(-3). What is the tens digit of ((-21)/s + 5)*-76?
1
Let h = 393 - 259. Suppose -2*k = -k + 89. Let x = h + k. What is the tens digit of x?
4
Let z(f) = f**2 + 7*f - 3. Let t be z(-8). Suppose -3*k + 34 = -t*k. Let u = 29 + k. What is the units digit of u?
2
Suppose -3*j + 381 = -216. What is the tens digit of j?
9
Let v be ((-4)/(-5))/(2/1135). What is the tens digit of v/6 - (-8)/24?
7
Let q(z) = 6*z + 21. Let a be q(-3). Let l = -329 - -524. Suppose -4*w + 5*r = -177, a*w + 2*w - l = r. What is the tens digit of w?
3
Suppose 3*k - 4*z = 13 + 7, 3*k = 5*z + 25. Suppose -2*g - 2*m + 514 = -k*g, -253 = -g + 3*m. What is the hundreds digit of g?
2
Let w be 291/33 - (-10)/55. Let j(p) = p - 6. Let m be j(w). Suppose 3*h + m*q - 130 = -49, -q = 3. What is the units digit of h?
0
Suppose 7148 = 5*s + 2*n, 11*s = 9*s - 3*n + 2857. What is the hundreds digit of s?
4
Let y(q) = 5*q**2 - 1 + 9*q - 4 - 4*q**2. Let m be y(-9). Let z = m - -23. What is the tens digit of z?
1
Let z = -26 + 24. What is the tens digit of 74 - z/(-2*1/(-3))?
7
Suppose 3 = 3*d, -3*d - 2*d = -5*v - 180. Let x = v + 57. What is the tens digit of x?
2
Suppose -u = -4*z + u + 420, 293 = 3*z + 4*u. Let j = z + -69. What is the tens digit of j?
3
Suppose -8*p + 1768 = -7368. What is the units digit of p?
2
Let l be (-4)/30 - 951/(-45). What is the tens digit of 77*(2/(-5) + l/15)?
7
Suppose 2*s + 72 = s. Let h = 114 + s. What is the tens digit of h?
4
Suppose -2*c + c = -7. Let p = -4 + c. Suppose -5*x + 4*a + 146 = 0, p*x + 2*x - 150 = 5*a. What is the units digit of x?
6
Let x be (-10612)/(-126) - 4/18. What is the units digit of 60/(-18)*x/(-10)?
8
Suppose -2*n - 4*v + 70 = 0, 5*n - 4*v + 2*v - 115 = 0. Suppose -i + n = 7. What is the tens digit of i?
1
Let p(x) = 39*x**2 - 41*x - 9. What is the thousands digit of p(-5)?
1
Let d be (-1)/(-5) - (-4647)/15. Suppose s + 2*a - d = -91, 20 = 5*a. What is the tens digit of s?
1
Let y = 902 - 599. What is the tens digit of 